02 a composite number?
True
Is 101141 a composite number?
False
Is 755927 a prime number?
False
Is 1502 composite?
True
Is 4373 composite?
False
Is 3060667 prime?
True
Is 43303 prime?
False
Is 660949 a prime number?
True
Is 15421 prime?
False
Is 2357 a prime number?
True
Is 195863 a prime number?
True
Is 1353917 a prime number?
True
Is 60713 a composite number?
True
Is 5309 a prime number?
True
Is 55563 composite?
True
Is 37031 composite?
True
Is 338119 a composite number?
False
Is 3137 a prime number?
True
Is 801151 a prime number?
False
Is 17519 composite?
False
Is 10663 a composite number?
False
Is 489941 a composite number?
False
Is 1797331 prime?
True
Is 5513317 a composite number?
False
Is 426611 a prime number?
True
Is 37 composite?
False
Is 13829 composite?
False
Is 951043 a prime number?
False
Is 10061 composite?
False
Is 38026 composite?
True
Is 14909 composite?
True
Is 711259 a prime number?
True
Is 1052551 a composite number?
False
Is 476141 prime?
False
Is 186103 a prime number?
True
Is 107009 composite?
True
Is 169079 prime?
True
Is 120559 a composite number?
True
Is 172141 composite?
True
Is 161 a composite number?
True
Is 43489 prime?
False
Is 29429 a composite number?
False
Is 102707 a composite number?
True
Is 237443 prime?
False
Is 146713 prime?
False
Is 24611 prime?
True
Is 28043 a composite number?
True
Is 19121 a prime number?
True
Is 121229 prime?
True
Is 61942 a prime number?
False
Is 149 a prime number?
True
Is 501731 prime?
True
Is 631711 a prime number?
True
Is 19283 prime?
False
Is 8923 composite?
False
Is 98297 composite?
False
Is 83729 composite?
True
Is 245858 prime?
False
Is 7327 a composite number?
True
Is 393389 a composite number?
True
Is 87611 composite?
True
Is 1083517 prime?
True
Is 59 composite?
False
Is 24286 a prime number?
False
Is 250366 composite?
True
Is 5079 a prime number?
False
Is 286661 prime?
False
Is 2049 a composite number?
True
Is 26167 prime?
False
Is 38345 a composite number?
True
Is 27733 composite?
False
Is 2813549 composite?
False
Is 171061 prime?
False
Is 4769 composite?
True
Is 6715271 prime?
True
Is 4007 composite?
False
Is 8947 composite?
True
Is 5438 a composite number?
True
Is 37049 a composite number?
False
Is 1512277 a composite number?
True
Is 10559 composite?
False
Is 933839 composite?
False
Is 6491 a composite number?
False
Is 14299 composite?
True
Is 59581 prime?
True
Is 269714 prime?
False
Is 6121 composite?
False
Is 257489 prime?
True
Is 30619 composite?
True
Is 15499 a composite number?
True
Is 548741 a composite number?
True
Is 16613 prime?
False
Is 93857 prime?
False
Is 953 a composite number?
False
Is 719543 a prime number?
False
Is 862769 composite?
False
Is 555179 a composite number?
True
Is 625507 a composite number?
False
Is 58907 a composite number?
False
Is 57 prime?
False
Is 1149537 a composite number?
True
Is 587 a prime number?
True
Is 1295386 composite?
True
Is 15121 composite?
False
Is 11293 prime?
False
Is 110317 prime?
False
Is 36082 a composite number?
True
Is 1640959 a composite number?
True
Is 80021 composite?
False
Is 1633 a composite number?
True
Is 8269 a composite number?
False
Is 65479 a prime number?
True
Is 474799 prime?
False
Is 45523 prime?
True
Is 5471 composite?
False
Is 9959 a prime number?
False
Is 648559 composite?
True
Is 1244083 composite?
False
Is 2453 a prime number?
False
Is 737 a composite number?
True
Is 684961 composite?
False
Is 3320909 composite?
False
Is 5255 a prime number?
False
Is 352147 a prime number?
False
Is 221251 a prime number?
True
Is 2609533 composite?
False
Is 2719 composite?
False
Is 59833 a composite number?
False
Is 382 composite?
True
Is 564491 a prime number?
True
Is 130627 a composite number?
True
Is 196331 a prime number?
True
Is 3647 a composite number?
True
Is 379 a prime number?
True
Is 67141 a prime number?
True
Is 227663 a composite number?
False
Is 198607 a composite number?
True
Is 249287 a prime number?
True
Is 15815 prime?
False
Is 489921 prime?
False
Is 17411 a composite number?
True
Is 1969 composite?
True
Is 132589 composite?
False
Is 256093 prime?
True
Is 9233 composite?
True
Is 472321 a prime number?
False
Is 32749 prime?
True
Is 1747 prime?
True
Is 162103 a composite number?
True
Is 356781 composite?
True
Is 178307 a composite number?
False
Is 55921 a prime number?
True
Is 43607 a prime number?
True
Is 1357 a composite number?
True
Is 4573 prime?
False
Is 1876793 composite?
True
Is 7993 a prime number?
True
Is 101431 a composite number?
True
Is 188779 prime?
True
Is 233993 a composite number?
False
Is 327917 a composite number?
False
Is 145718 prime?
False
Is 137407 composite?
True
Is 90443 a composite number?
True
Is 83819 prime?
False
Is 8501 prime?
True
Is 149441 a prime number?
True
Is 224743 composite?
False
Is 182639 a prime number?
True
Is 3103 prime?
False
Is 8879 a composite number?
True
Is 3606593 prime?
True
Is 5563 composite?
False
Is 71387 composite?
False
Is 9899 prime?
False
Is 44753 composite?
False
Is 10487 a composite number?
False
Is 540677 composite?
False
Is 87403 prime?
True
Is 1210133 a prime number?
False
Is 4889 a prime number?
True
Is 158603 composite?
True
Is 85958 a prime number?
False
Is 7981 a composite number?
True
Is 86363 composite?
True
Is 32483 a prime number?
False
Is 160951 a prime number?
False
Is 636511 a composite number?
True
Is 14893 a prime number?
False
Is 1552673 a prime number?
False
Is 34919 composite?
False
Is 11111 composite?
True
Is 258953 composite?
True
Is 302711 a prime number?
True
Is 12569 a prime number?
True
Is 67313 a prime number?
False
Is 529051 a prime number?
True
Is 10221 a prime number?
False
Is 9391 a prime number?
True
Is 262553 prime?
True
Is 152645 a prime number?
False
Is 34634 a composite number?
True
Is 1628993 prime?
False
Is 1325693 composite?
False
Is 26927 prime?
True
Is 209635 prime?
False
Is 20153 a composite number?
True
Is 18947 composite?
False
Is 39 prime?
False
Is 2551 a prime number?
True
Is 12797 prime?
False
Is 14221 prime?
True
Is 56767 composite?
False
Is 381 prime?
False
Is 21727 a composite number?
False
Is 1913 prime?
True
Is 63951 a prime number?
False
Is 57241 a prime number?
True
Is 26053 a prime number?
True
Is 358051 a prime number?
True
Is 499442 prime?
False
Is 718043 prime?
True
Is 148205 prime?
False
Is 386707 a prime number?
False
Is 8651 prime?
False
Is 1361 composite?
False
Is 16847 prime?
False
Is 5099 composite?
False
Is 46993 prime?
True
Is 95773 composite?
False
Is 12511 a composite number?
False
Is 111091 a composite number?
False
Is 106823 prime?
True
Is 563 a composite number?
False
Is 7067 a prime number?
False
Is 8605 a composite number?
True
Is 254755 composite?
True
Is 7820071 a composite number?
True
Is 114887 composite?
True
Is 13979 composite?
True
Is 19739 a prime number?
True
Is 110221 composite?
False
Is 35927 a prime number?
False
Is 5557 a prime number?
True
Is 25439 composite?
False
Is 16871 composite?
False
Is 1069 composite?
False
Is 5539 prime?
False
Is 1199157 composite?
True
Is 187 a composite number?
True
Is 579113 prime?
True
Is 1654519 a prime number?
True
Is 1459 prime?
True
Is 2302 a composite number?
True
Is 198013 a prime number?
True
Is 94201 a prime number?
True
Is 66281 a composite number?
True
Is 37911 composite?
True
Is 16941 composite?
True
Is 93047 composite?
False
Is 231797 a prime number?
False
Is 618167 composite?
True
Is 27641 composite?
True
Is 632017 prime?
False
Is 172489 prime?
True
Is 14167 composite?
True
Is 3163 a composite number?
False
Is 202115 composite?
True
Is 674 composite?
True
Is 4777 prime?
False
Is 75657 composite?
True
Is 195967 composite?
False
Is 20849 a prime number?
True
Is 4379 a prime number?
False
Is 1099997 a composite number?
False
Is 2097223 a prime number?
True
Is 507677 composite?
True
Is 537951 a prime number?
False
Is 116483 composite?
False
Is 1902239 a composite number?
False
Is 158033 a prime number?
False
Is 662789 prime?
True
Is 30867 a composite number?
True
Is 1257 a prime number?
False
Is 160073 composite?
False
Is 477131 prime?
True
Is 10037 composite?
False
Is 3953 a prime number?
False
Is 965665 a composite number?
True
Is 44159 a prime number?
True
Is 13522 prime?
False
Is 1106329 prime?
False
Is 19369 